z - c = -f + z, f = 2*z + 16. Calculate the greatest common divisor of f and 22.
22
Let u(a) = -14*a + 1. Let l be (2 - -1)/(-3) + 2. Let y be l*(-2)/(-2 + 4). Let f be u(y). What is the greatest common factor of 135 and f?
15
Let d = -193 - -908. What is the greatest common divisor of d and 65?
65
Suppose -f = 2*k - 198, -54 = -4*k - f + 342. Let b be (4/(18 + -2))/((-35)/(-1540)). Calculate the highest common factor of k and b.
11
Suppose 0 = 35*a - 34*a - 47. Calculate the greatest common factor of a and 1.
1
Let o be ((-28)/21)/((-2)/21). Suppose 0 = 4*t + 5*i - 13 - 14, -2*i = 2*t - o. Let d be 30/(-40) + 62/t. What is the greatest common divisor of 1 and d?
1
Suppose 0 = -63*h + 15854 + 11551. What is the greatest common divisor of 60 and h?
15
Let t = -41 - -73. Let q be (-1)/((-12)/t*1/27). What is the highest common factor of q and 8?
8
Let c(z) = 10*z + 2. Let d be c(2). Let i = -13 + 10. Let b be (-11)/i*(-1 - (-4 + -45)). Calculate the highest common factor of d and b.
22
Suppose 3 = 3*z - 141. Let l be 432/90*(-55)/(-44). What is the highest common divisor of z and l?
6
Suppose -780 = -4*m + 4*j, 0*j + j = 3. Calculate the highest common divisor of m and 44.
22
Let l be (-2 + (-7)/3)*15/(-5). Let w = l - 9. What is the greatest common factor of w and 20?
4
Let p = -403 + 405. Suppose 2*v = v + 4. What is the greatest common divisor of v and p?
2
Let b be 6/8 - 102/(-24). Suppose -3*r + b*r = 4. What is the greatest common factor of 4 and r?
2
Suppose 3*t - 103 = 2*w - 0*w, 5*t = w + 160. What is the highest common factor of 155 and t?
31
Suppose -59 = -2*x - 3*o, 2*x + 4*o + 108 = 6*x. Calculate the greatest common divisor of 196 and x.
28
Let d be 27/18*(-640)/(-24). Let b be 4/14 + 204/21. What is the greatest common divisor of b and d?
10
Suppose 0 = 2*x + 2*x. Suppose 3*c + x*c - y = 77, 5*c - y - 125 = 0. Let f be 2/((-40)/(-44)) + (-52)/(-65). Calculate the greatest common divisor of c and f.
3
Let s(i) = -3*i**2 + 64*i + 47. Let k be s(20). What is the greatest common divisor of 1016 and k?
127
Suppose -2*f = 2*i - 6*i - 34, 4*f = 3*i + 93. Suppose 3*w - 59 = -2*w + o, f = w - 4*o. Calculate the highest common divisor of 99 and w.
11
Let q be 2/3*(14 - 2). Let d(m) = -5*m + 5. Let j(n) = -n + 1. Let h(b) = d(b) - 4*j(b). Let x be h(-7). What is the highest common factor of x and q?
8
Suppose 2*h + 128 = 6*h. Let r(x) = -6*x**3 + 4*x + 8. Let v be r(-2). Calculate the greatest common divisor of h and v.
16
Suppose -5*b + b = -28. Let v(y) = -y - 7. Let t be v(4). Let r = t + 32. What is the highest common factor of b and r?
7
Let j(h) = -3*h + h**3 - 3*h**2 + 9 + 11 - 3*h**2 - 6*h. Let t be j(7). What is the highest common divisor of t and 48?
6
Let a be 1 - (-7 - 36)/1. What is the highest common divisor of 28 and a?
4
Let f be 7 + (1 - -10) + -6. Suppose 53 = 2*c - 211. Calculate the greatest common divisor of c and f.
12
Suppose -3*v = -85 - 83. What is the greatest common divisor of v and 182?
14
Suppose -k + 3*k - 190 = 0. Suppose l - 4*j - 18 = 0, 5*l = 4*l - 4*j + 58. What is the highest common divisor of k and l?
19
Suppose 0 = 5*w + 2*a - 6, -3*w - w = -2*a + 6. Let k = w - -28. What is the greatest common factor of 84 and k?
28
Suppose -2*q + 516 = 3*v, 4*q - 862 = -3*v - 2*v. Calculate the greatest common factor of v and 68.
34
Let o(h) = -4*h + 2*h + 7 - 5*h. Let k = -58 + 52. Let g be o(k). What is the greatest common factor of 7 and g?
7
Let m be (-3 - -38)/(60/216). What is the greatest common factor of 1575 and m?
63
Let k(i) = 3*i**2 + 12*i - 10. Let f be k(2). Let b = 9 - 4. Suppose -4*g = -4*s + 432, -b*s + 732 = 5*g + 232. What is the greatest common divisor of s and f?
26
Let u(z) = 4*z**2 + 6*z + 14. Let h be u(-4). Calculate the greatest common divisor of 333 and h.
9
Let q be ((115 + 9)/((-1)/(-2)))/1. What is the highest common factor of q and 8?
8
Let h(q) = -5*q + 135. Let d be h(21). Calculate the greatest common divisor of 150 and d.
30
Let s(k) = -k**2 + 12*k + 26. Let m = 118 - 106. Let c be s(m). What is the greatest common factor of 78 and c?
26
Let n be (1 - (-50)/15)/(3/9). Calculate the greatest common divisor of 208 and n.
13
Let o be -3 - 120/(-9)*(-11 - -80). Calculate the greatest common factor of o and 655.
131
Suppose -q + 5*q = 3*a + 47, 5*q = -a + 35. Suppose 12*b - 256 = 4*b. What is the greatest common divisor of q and b?
8
Let o = 236 + -231. Calculate the highest common divisor of o and 2.
1
Suppose 4*t - 4 = -20. Let w be (t + 4 + 25)*(-3)/(-5). Calculate the greatest common divisor of w and 165.
15
Suppose 21 = 3*x - 0*x + 3*t, 2*x - 2*t - 6 = 0. Let i(c) = -5*c - 9*c + 15*c - 2 + 21*c. Let h be i(1). What is the greatest common factor of x and h?
5
Let k(m) = -m**2 + 21*m - 16. Let f be k(19). Suppose -s + 4*l + f = -4, -2*l = -5*s + 40. What is the highest common factor of s and 12?
6
Let u be 12 + (-12 + 131 - -4). What is the greatest common divisor of 243 and u?
27
Let n be (-567)/(-9) - (-72)/(-9). Calculate the greatest common factor of n and 935.
55
Let d(a) = -a**2 + a + 43. Let z be d(-6). What is the highest common divisor of z and 64?
1
Let c be ((-3)/(-2))/(4/24*1). Suppose 0 = 6*g - c*g + 405. Calculate the highest common factor of g and 27.
27
Let t be (9 - (-3)/(-1)) + 180/15. Calculate the greatest common factor of t and 666.
18
Let a(l) = 2*l**2 - 12*l + 15. Let b be a(6). Suppose -4 = -b*h + 71. What is the highest common divisor of 20 and h?
5
Let b = 91 - 16. Suppose -3*p + 98 + 52 = 0. Calculate the highest common factor of b and p.
25
Let r = 7 + -3. Let y(u) = -u**2 + 9*u - 4. Let x be y(9). Let s be -3*(20/(-3) - x). What is the highest common factor of s and r?
4
Let m be (-7175)/(-10) + (-6)/(-4). Suppose 190 + 550 = 4*r - 4*d, -4*r = 3*d - m. Calculate the greatest common factor of r and 26.
26
Let d(f) = 2*f**2 - 31*f - 62. Let n be d(22). Calculate the highest common factor of n and 7.
7
Let d(i) = -18*i**2 - i. Let l be d(-1). Let p be -1*3 + (-3 - l). Let b = -87 + 175. Calculate the greatest common factor of b and p.
11
Let h be (-16)/20*5/(-2). Suppose h*f + 2*f - 96 = 0. Suppose s = 3*s - f. What is the greatest common divisor of s and 12?
12
Let i(f) = 3*f**2 + 5*f + 7. Let z be i(-4). Suppose -4*b + 4*d + 36 = 0, -2*d + 4*d = -8. What is the greatest common divisor of b and z?
5
Let h be ((-180)/3)/(-4) - 3. Let o(z) = -17*z**3 - z**2 + 2*z + 4. Let r be o(-2). Calculate the greatest common divisor of h and r.
12
Suppose 0 = 2*z + 5*y - 184, 2*z - y = 5*z - 250. Suppose 2*r = 4*j + 37 + 1, z = 3*r - j. Calculate the highest common divisor of 145 and r.
29
Suppose 0 = -16*y - 1750 + 4550. What is the greatest common divisor of y and 7?
7
Let w = -6 - -10. Suppose -4*t = -5*m - 0*t + 295, -w*t = -4*m + 232. Let l = 724 + -715. Calculate the highest common factor of m and l.
9
Let n = 49 + -50. Let i = 9 + n. What is the greatest common divisor of i and 8?
8
Suppose -9*t + 14*t = 35. What is the highest common factor of 217 and t?
7
Let p be (-7797)/(-15) - 8/(-40). Suppose w = 6*w - p. What is the highest common divisor of w and 13?
13
Suppose 66*x + 165 = 69*x. What is the greatest common divisor of x and 165?
55
Let b be ((-6)/2 - 0/(-7)) + 5. Suppose 0 = -2*w - 3*z + 33, -b*w + 4 = z - 19. Calculate the highest common divisor of w and 1.
1
Let o(x) = x**3 - 5*x**2 + 8*x - 1. Let n be o(5). Suppose -2*u = -0*u - 6. Suppose -f - u*f = -52. What is the greatest common factor of n and f?
13
Let l = 359 - 183. Let g be l/6 - 8/(-12). Suppose -y = -s - 16, -3*y + 5*y - g = 3*s. Calculate the greatest common factor of y and 126.
18
Suppose m + 5*b - 272 = 0, 3*b + 0*b = -15. What is the highest common divisor of m and 11?
11
Let t be 528/52 + -10 + 284/13. Calculate the greatest common factor of t and 22.
22
Let o = 90 + 11. Suppose b + 2*q + 86 = 4*b, 0 = 3*b + q - o. What is the highest common divisor of 80 and b?
16
Let u = 24 + -16. Let x = -9 + 79. Suppose -5*w = -6*w + 2*k + 76, w + k - x = 0. What is the highest common factor of w and u?
8
Let h(q) = 10*q**2 - 49*q - 1. Let i be h(5). Calculate the greatest common factor of i and 50.
2
Suppose -3*b + 2*v - 340 = 0, 7*v = -3*b + 4*v - 360. Let m = b + 178. What is the greatest common 